prime factors of n?
2, 11
Let m(a) = -2*a**2 + 33*a - 2. What are the prime factors of m(15)?
43
Let k(o) = o**3 + 13*o**2 + 12*o + 3. Suppose 0 = -6*l + l. Let p be l - (2/2 - -11). What are the prime factors of k(p)?
3
Let m(i) = 101*i**2 + 4. What are the prime factors of m(-2)?
2, 3, 17
What are the prime factors of 10/(((-7)/42)/((-246)/4))?
2, 3, 5, 41
Suppose 0 = 151*q - 160*q + 9387. What are the prime factors of q?
7, 149
What are the prime factors of (-42 + 52)/(140/(-71) + 2)?
5, 71
Suppose -606 + 40 = -3*l + 4*g, 2*g + 948 = 5*l. Suppose 7*z - l = -5*y + 2*z, 4*z = y - 18. What are the prime factors of y?
2, 17
Let j(n) = n**3 - 4*n**2 + 3*n + 2. What are the prime factors of j(9)?
2, 7, 31
Let b(g) = 9*g**2 + 7*g - 23. What are the prime factors of b(7)?
467
Suppose 0 = 4*r + 220 - 72. Let k = r - -78. List the prime factors of k.
41
Suppose 32*g = 41*g - 19611. What are the prime factors of g?
2179
Suppose 4*t - 966 - 840 = -5*u, 0 = 3*t - 3*u - 1341. What are the prime factors of t?
449
Suppose -74 = 3*u - 0*d + d, 0 = 5*u + 3*d + 130. Let t = -18 - u. Suppose 3*l + 94 = t*l. List the prime factors of l.
47
Let o be (2 + -4)/2 + 1. Let b(q) = -q**3 + q**2 + q + 37. What are the prime factors of b(o)?
37
Suppose -4*p + 37 = l, 5*l - 125 = -0*l - 5*p. Suppose 5*k - 66 = -2*d - l, -3*k + 27 = -4*d. What are the prime factors of -2*1 + (k - -2)?
3
Let m(b) = -3*b**2 - 5*b. Let y be m(6). What are the prime factors of 17/(-68) - y/8?
17
Suppose -246 = -5*c + 4*o + 19, -255 = -5*c + 2*o. Let w = 109 - c. What are the prime factors of w?
2, 3, 5
Let j = -2775 + 7158. What are the prime factors of j?
3, 487
List the prime factors of (-60)/135 - (3 + (-53116)/36).
2, 23
Suppose -15*o - 517 = -2827. List the prime factors of o/8 + (-50)/40.
2, 3
List the prime factors of -2 - ((-7618)/5 + 6/10).
3, 13
List the prime factors of (-305)/(-1) - (16/8 + -4).
307
Suppose 96*p = 44*p + 204828. List the prime factors of p.
3, 13, 101
Suppose 13 = 2*v + 5. Suppose v*h - 707 = -3*h. What are the prime factors of h?
101
Let g(b) = -b**3 - b**2 + 2*b - 43. Let r be g(0). Let j = r + 109. What are the prime factors of j?
2, 3, 11
Let r(t) = 541*t + 37. List the prime factors of r(4).
31, 71
Let r(a) = a**2 - 23*a. Let w be r(23). Suppose -3*k + 0*k + 303 = w. What are the prime factors of k?
101
Suppose 3*a - 92 = 2*m - a, 0 = 2*m - 3*a + 97. List the prime factors of -3 - (3458/m + (-2)/8).
59
Let c = 410 - -1480. What are the prime factors of c?
2, 3, 5, 7
Suppose -16 = 5*n + 4*v, -5*n - 6 - 2 = 2*v. Suppose n = -2*p + 3*p + 132. What are the prime factors of (-2)/12*3*p?
2, 3, 11
Suppose -8*s = -17238 + 2110. What are the prime factors of s?
31, 61
Suppose -2*p + 44 = 2*o, 10 + 2 = 4*o. Let d be (0 + p)/((-8)/(-16)). List the prime factors of d/4 - 4/(-8).
2, 5
Let r = 87 + -52. Let z = r + 28. List the prime factors of z.
3, 7
Suppose 4809 = 3*t + 4*f, 0 = 3*t - 6*t - f + 4800. What are the prime factors of t?
3, 13, 41
Let s be (-72)/(-32) + (-2)/8. Suppose 0 = -3*z + s*c + 7, -10 = -5*c + 10. Suppose 4*y = z*y - 34. List the prime factors of y.
2, 17
What are the prime factors of (2 - (-3425)/10)*(-1 + 3)?
13, 53
Let f(j) = 2*j**3 + j**2 + 4*j - 3. Let i = 15 - 12. Let v be f(i). Suppose 3*h = 3*r + v, 5*r = -3*h - 1 + 41. What are the prime factors of h?
2, 5
Let r = -403 - -993. What are the prime factors of r?
2, 5, 59
Let k = -2 - -4. Let q = 1 + k. Suppose 2*l = -q*l + 25. List the prime factors of l.
5
Suppose 0 = 5*c + 5*d - 45, 4*d + 48 = 3*c - 0*c. Suppose -3*p - 3*s + c = -0*s, 3 = -s. What are the prime factors of 0/1 - (-10 + p)?
3
Suppose -14 - 10 = -3*o. Let b(q) = -q**2 + 10*q - 11. Let s be b(o). Suppose 0 = -4*n - s*m + 53, -n - 3*m + 50 = 4*n. List the prime factors of n.
7
Suppose 2*a + 112 = -2*a. Suppose -233 = 4*x + 83. Let p = a - x. List the prime factors of p.
3, 17
Suppose n + 2*v = 129 + 65, -2*n + 3*v = -367. Suppose 584 = 2*l + n. What are the prime factors of l?
2, 3, 11
Let x = 4 + 21. Let o = x + 50. What are the prime factors of o?
3, 5
Let b(w) = -2*w**2 + 92*w - 27. What are the prime factors of b(11)?
743
Suppose -2 = v - w, -5*w + 14 = -2*v + 1. What are the prime factors of v/(132/826 + (-1)/7)?
59
Let l = -19 - -19. Suppose l = -j + 3*w + 15, -3*w + 3 = j + 18. List the prime factors of -1*(3 + j + -10).
7
Let d(y) = -y**3 + 3*y**2 + 4*y - 5. Let g be d(2). Let j = g + 33. What are the prime factors of j?
2, 5
What are the prime factors of 13736/8 - ((-12)/(-4) + 4)?
2, 3, 5, 19
Suppose 0 = -4*l + l + 6. Suppose -5*d - 3*u = -390, l*d - 5*u + 2*u - 156 = 0. What are the prime factors of d?
2, 3, 13
Suppose n = 1, -2*y - 4*n - 14 - 2 = 0. List the prime factors of (89/6)/(y/(-60)).
89
Suppose 0*b = -2*b + 6, 96 = 4*n - 4*b. Suppose 0*r = -2*r - 36. Let k = r + n. What are the prime factors of k?
3
Let q be 6/4*1100/33. Let p = -36 + q. List the prime factors of p.
2, 7
Let m be (3 - 268/(-4)) + 0. Let v(c) = 1 - 67*c - 2 + m*c. What are the prime factors of v(4)?
11
Suppose -4*p = 1774 + 382. List the prime factors of 1*-1 - p/7.
2, 19
Suppose 5 = 2*g - 5*v + 18, -v - 1 = -4*g. Suppose s + g - 4 = 0. What are the prime factors of 17 + 3/(s/(-2))?
3, 5
Let d = 25 - 9. Let f = d + -20. List the prime factors of (-2)/f - (-606)/12.
3, 17
Suppose 7*m - 9*m = 0. Suppose 8*j - 15 - 9 = m. What are the prime factors of j?
3
Let v = -63 - -76. Suppose y = -3*y + 28. Let u = v - y. List the prime factors of u.
2, 3
Suppose -26 = 5*q - 4*i, 5*q + 18 = -0*i + 2*i. Let s = q - 7. What are the prime factors of (-9 - 1)*(s + 7)?
2, 5
Suppose v + 202 = h - v, -4*h - 3*v = -764. Suppose -5*u = 2*o - 0*o - h, -2*o + 2*u + 222 = 0. What are the prime factors of o?
107
Let s = -563 + 1263. Suppose 5*o - s = -2*o. List the prime factors of o.
2, 5
Suppose 3 = -c + 82. Suppose 29*f + c = 30*f. List the prime factors of f.
79
Suppose 187 = 2*s - 2*j - 131, -15 = 3*j. Let t = 219 - s. List the prime factors of t.
5, 13
Let h(k) be the first derivative of -7*k**2/2 - 29*k + 18. List the prime factors of h(-12).
5, 11
Let f = -200 - -665. What are the prime factors of f?
3, 5, 31
List the prime factors of 7 + 189 + 2 + 2.
2, 5
Suppose -5*n = -2*n - 12. Suppose 2*m - x + 1 = 0, 5*x - 8 - 15 = m. Suppose -m*r + 13 = a, -4 = -5*r + n*r. What are the prime factors of a?
5
Let d be (9 + -6)/3 - 100*-5. Suppose n - d = -2*n. What are the prime factors of n?
167
What are the prime factors of (-4 + 42/4)*6?
3, 13
Suppose -162 = 5*f + 4*a - 2*a, 0 = 4*f + 3*a + 131. Let z be (-12)/54 + f/18. What are the prime factors of (2/(-4))/(z/148)?
37
What are the prime factors of (344/(-32) + 5)/(8/(-8096))?
11, 23
Let a be (-2)/4*-118 - 4. Let s = a - 23. What are the prime factors of s?
2
Let l be (1/1)/(1/19). Let j be -2*-2*1 - -1. Suppose -l = 4*w + 2*y - 81, j*y = -4*w + 77. List the prime factors of w.
13
List the prime factors of (-157136)/(-160) - (-2)/(-20).
2, 491
Let r = 255 - 115. Let a be 1 + 1/(-1) + 0. Suppose -4*l + a*l = -r. List the prime factors of l.
5, 7
Let v be ((-1)/(-2))/(11/110). Suppose 52 = -v*d - 123. List the prime factors of (-578)/(-14) + 10/d.
41
Let f = 11 + -7. Suppose -v + 12 = -2*j, 3*v + 9 = -f*j + j. List the prime factors of j/((-10)/(-6)) + 25.
2, 11
Suppose 5*b - 2321 = -3*g, g - 757 = 2*b - 7*b. What are the prime factors of g?
2, 17, 23
Let z(h) = h**3 + 7*h**2 - 40*h + 1. Let c = 26 + -36. List the prime factors of z(c).
101
Suppose 0 = -3*z + 2*z + 5*d + 33, -2*z + 2*d = -82. Let y = 40 + z. What are the prime factors of y?
83
What are the prime factors of ((-57725)/(-100))/(3/12)?
2309
Let d be (18/(-48))/((-4)/32). List the prime factors of 8/12*d + 96.
2, 7
Let i(b) = 5*b**2 + b. Let g be i(-1). Suppose g*f + 39 = 319. List the prime factors of f.
2, 5, 7
Let q(h) = 3*h**2 - 13*h + 16. Let v be q(9). Suppose -103*z + 104*z - v = 0. List the prime factors of z.
2, 71
Suppose 116 + 572 = 4*u. Let g = u + -113. What are the prime factors of g?
59
Let o = 119 + -174. Let r = 198 + o. List the prime factors of r.
11, 13
Suppose 2*f - 70 = -8*f. Suppose -248 = -5*s + f. List the prime factors of s.
3, 17
Suppose 590 = 123*k - 118*k. What are the prime factors of k?
2, 59
Let h(d) = d**3 + 22*d**2 - 11*